33140
In base 10, what is -164922 + -66?
-164988
In base 4, what is -1102 - 133323012?
-133330120
In base 13, what is 13826615 + 2?
13826617
In base 12, what is 147 - 3b23b?
-3b0b4
In base 15, what is -163a3e - -a?
-163a34
In base 6, what is 245 + -343134?
-342445
In base 5, what is -33 - -1232433003?
1232432420
In base 9, what is -1617168 - -45?
-1617123
In base 13, what is -2 + -68194a5?
-68194a7
In base 4, what is 103021223000111 + -11?
103021223000100
In base 5, what is -323420 - -334221?
10301
In base 5, what is 241334440342 - 3?
241334440334
In base 6, what is -231522 + -10202?
-242124
In base 11, what is -3627 + -73?
-369a
In base 8, what is -22 + 1237002?
1236760
In base 9, what is 3 - 8250134?
-8250131
In base 3, what is -112122110 - -101211?
-112020122
In base 6, what is 34500445304 + 5?
34500445313
In base 10, what is -155 - 177121?
-177276
In base 3, what is 2000212212222 - -22?
2000212220021
In base 2, what is 110111100101000011 + 101011001?
110111101010011100
In base 11, what is 3621171 - 6?
3621166
In base 16, what is 630fd6 - -5?
630fdb
In base 8, what is -16426546 - -4?
-16426542
In base 12, what is 5a - -370080?
37011a
In base 2, what is 11011 - 1101000001111110101?
-1101000001111011010
In base 4, what is 103101320 + -211?
103101103
In base 11, what is -82 - -7133450?
7133379
In base 16, what is -b - -968fd?
968f2
In base 9, what is 120 - 82621?
-82501
In base 16, what is -377e - 1168?
-48e6
In base 15, what is -3 + 27c929?
27c926
In base 2, what is 11 + 1100010010110111001101?
1100010010110111010000
In base 16, what is a + -75486d?
-754863
In base 12, what is 185394 + -10?
185384
In base 16, what is 6694e06 - -d?
6694e13
In base 11, what is 52970 + 33?
529a3
In base 2, what is -11100100010011 + 111110010011?
-10100110000000
In base 7, what is 161666 + -234?
161432
In base 7, what is 14440663 + 32?
14441025
In base 8, what is 1465475103 + 1?
1465475104
In base 15, what is -36e + -ae8b?
-b30a
In base 14, what is -2c7a4 - -47?
-2c75b
In base 13, what is -24b7 - 8c18?
-b402
In base 12, what is -1 - 37234272?
-37234273
In base 8, what is 7523 + 3017?
12542
In base 14, what is 19b6c6 - -5?
19b6cb
In base 2, what is -10101101100110000100 + -110?
-10101101100110001010
In base 8, what is 23076 + 2460?
25556
In base 7, what is -1534405546 - 0?
-1534405546
In base 8, what is 126160 + 151?
126331
In base 11, what is -28175664 - -1?
-28175663
In base 2, what is 10 - -10111110101010010010110?
10111110101010010011000
In base 2, what is 101001111 + 110101100110001011?
110101101011011010
In base 14, what is -cd5 + -1d11c?
-20013
In base 11, what is -564458 - -4?
-564454
In base 8, what is 0 - -360070620?
360070620
In base 5, what is -1430224421 - -41?
-1430224330
In base 5, what is 11440 + -321344?
-304404
In base 9, what is -236 - -2426?
2180
In base 10, what is 5727 - -18576?
24303
In base 15, what is -130cce - -66?
-130c68
In base 11, what is -7373 + -192?
-7555
In base 9, what is -4 - -235013047?
235013043
In base 15, what is 1591 - -2691?
3c32
In base 4, what is 33230011200 + 10?
33230011210
In base 9, what is 15635875 + 20?
15636005
In base 10, what is -19664056 + -3?
-19664059
In base 3, what is 20022 - -2021010100?
2021100122
In base 2, what is -1000010010110101010100 + -10?
-1000010010110101010110
In base 9, what is -1012133 - -38?
-1012084
In base 11, what is -49479074 + -5?
-49479079
In base 2, what is -100010001100111000 + -1001011101?
-100010010110010101
In base 5, what is 3 + 40422444014?
40422444022
In base 2, what is 101101010101 + 1101010000010110?
1101111101101011
In base 9, what is 6263574 + 0?
6263574
In base 7, what is -131125 + 165604?
34446
In base 9, what is 3030473 - -75?
3030558
In base 15, what is 351c - -83a5?
b8c2
In base 6, what is 2144 + -45552411?
-45550223
In base 16, what is 6ea + -422?
2c8
In base 8, what is -2152 + 423373?
421221
In base 3, what is -2212121102222 + -1100?
-2212121111022
In base 10, what is 3310351 + 5?
3310356
In base 5, what is 1 + -342431011?
-342431010
In base 15, what is 295da9e + 10?
295daae
In base 13, what is 409b0 - -b?
409bb
In base 9, what is 757732 - 351?
757371
In base 10, what is 2 + -33010079?
-33010077
In base 2, what is -1000 - 1100011101100111011101110?
-1100011101100111011110110
In base 10, what is -23146 - -656?
-22490
In base 9, what is 286 + 32334?
32631
In base 15, what is -125c8 - -1b3b?
-1098c
In base 11, what is 163 - -812647?
8127aa
In base 7, what is 2123464 + -500?
2122664
In base 12, what is -3 - -a9494?
a9491
In base 14, what is 225a072 - 1?
225a071
In base 7, what is 5021 - -10434?
15455
In base 2, what is 101011001111101111001 - 110?
101011001111101110011
In base 9, what is 3351 - 21115?
-16654
In base 13, what is 4 + 3a114a?
3a1151
In base 3, what is 121010011111 - -11002?
121010022120
In base 3, what is 10110200020 + 11112110?
10122012200
In base 15, what is 170d4e2b - 4?
170d4e27
In base 3, what is 110201220101022 + -11?
110201220101011
In base 10, what is -293395588 + 4?
-293395584
In base 2, what is 110110000010111011011000 - -101?
110110000010111011011101
In base 5, what is 103422 - -44210?
203132
In base 11, what is 467397 + 28?
467414
In base 6, what is -4323 + -3510251?
-3515014
In base 15, what is 6830cc - 3?
6830c9
In base 3, what is 1201212212102000 + -2?
1201212212101221
In base 8, what is 2045673232 + 0?
2045673232
In base 13, what is 16cb + 8b?
1789
In base 10, what is 1318 - 4808?
-3490
In base 14, what is 1083c1 - 4b8?
107d07
In base 8, what is 2 - -25014155?
25014157
In base 14, what is -102cd0 - 11?
-102d01
In base 10, what is -1567 + 9694?
8127
In base 3, what is 1100222 - -1001112000?
1002212222
In base 6, what is 203 + 253210?
253413
In base 5, what is -21 + -1142442013?
-1142442034
In base 12, what is 49b02b - -a?
49b039
In base 11, what is 7a3 - -7808?
8500
In base 5, what is -1314044420104 - -4?
-1314044420100
In base 7, what is -5 + 5446650656?
5446650651
In base 14, what is 3 - -16142c6d?
16142c72
In base 2, what is -10011000101100001011 - -1000001?
-10011000101011001010
In base 12, what is 9 + -1854289?
-1854280
In base 12, what is -17ba4 + 1628?
-16578
In base 4, what is -100203111022 - 310?
-100203111332
In base 8, what is -71633 - -5707?
-63724
In base 6, what is 520410143 + -23?
520410120
In base 11, what is -146a44a6 + 7?
-146a449a
In base 13, what is -38 - -384760?
384725
In base 7, what is -361550 - 45?
-361625
In base 5, what is -24402 - -1131410?
1102003
In base 16, what is 67606ba7 - -3?
67606baa
In base 12, what is 5 + -1b72aa?
-1b72a5
In base 4, what is -3 + -3112001222?
-3112001231
In base 6, what is -11110 + -2101534?
-2113044
In base 14, what is -9 - 5948bc2?
-5948bcb
In base 9, what is -241 + -1431253?
-1431504
In base 7, what is -5102104 - -6?
-5102065
In base 14, what is 4a81 + -d0?
4991
In base 6, what is 15410 - 41555?
-22145
In base 8, what is 2 - -431177360?
431177362
In base 15, what is -32b - 96?
-3c2
In base 11, what is -59 - -136137?
136089
In base 13, what is -40189 + 69?
-40120
In base 16, what is 0 - -21e76a?
21e76a
In base 10, what is 121354 + 134?
121488
In base 9, what is 50123062 + 36?
50123108
In base 5, what is -10214 + 3001012?
2440243
In base 8, what is -134613 + -12130?
-146743
In base 3, what is -1102001012211 - 22211?
-1102001112122
In base 7, what is -410542352 + -1?
-410542353
In base 9, what is 28343336 + 2?
28343338
In base 14, what is -15100b - 3c0?
-1513cb
In base 16, what is 47 + -650e51?
-650e0a
In base 9, what is 146 - -5755?
6012
In base 12, what is -5 + 59a6b94?
59a6b8b
In base 4, what is -113 - -313020021?
313013302
In base 15, what is -25651d - -c?
-256511
In base 11, what is -1 + 13a69a08?
13a69a07
In base 6, what is -110 + -110454520?
-110455030
In base 6, what is -11223353104 - 4?
-11223353112
In base 13, what is -238 - -a91c?
a6b4
In base 11, what is -85a455478 + -1?
-85a455479
In base 4, what is 101232310 - 1300?
101231010
In base 14, what is -2 - 8074b?
-8074d
In base 7, what is 1006 + -514044?
-513035
In base 5, what is 2020420004142 + -10?
2020420004132
In base 7, what is 5 + -11015621?
-11015613
In base 13, what is -129241c3 - -6?
-129241ba
In base 11, what is -6231613 - 1?
-6231614
In base 6, what is 1412541 + -32?
1412505
In base 7, what is 53115424 - -6?
5311543